factors of (-11)/((-22)/2140) + 4?
2, 3, 179
Let z(n) = -2*n + 5. Let y be z(-10). Suppose 0 = 3*u + 11 + y. Let x = 18 + u. List the prime factors of x.
2, 3
Suppose 51 = 3*p - 2*o + 4*o, 0 = 4*o - 12. Suppose -p*z - 196 = -17*z. List the prime factors of z.
2, 7
Suppose 136 = 14*b - 10*b. Suppose -4*a + 10 = -b. List the prime factors of a.
11
Suppose -335 = 5*z + 5*h, -4*z - 300 = -0*h - 4*h. Let w = z - -145. What are the prime factors of w/4 - (-3)/2?
2, 5
Let f = 11 + -11. Suppose f*d = -5*m - 5*d + 10, -3*d = 5*m - 10. Let h = m + 21. What are the prime factors of h?
23
Let q(r) = 78*r - 306. List the prime factors of q(11).
2, 3, 23
What are the prime factors of (5 - 2627)*2/(-4)?
3, 19, 23
Suppose 3*x = 7*x + 116. Let d = 14 + x. What are the prime factors of -1*5/(d/111)?
37
Suppose 5*b = 2*s - 8, 5*b - 20 = -s - 1. Let q = -7 + s. Suppose 3*i + 19 = 2*v, q*i - 5 + 17 = v. What are the prime factors of v?
2
Let i be (-8)/(-28) - 33/(-7). Suppose 6 = c - i. Suppose -h = -54 + c. What are the prime factors of h?
43
Let o(z) = 6*z**3 + 2*z**2 - z. Let m be (36/30)/((-1)/10). Let i = -11 - m. List the prime factors of o(i).
7
Let j(o) = -o**3 + 13*o**2 - 12*o + 3. Let i(n) = -n**3 + 2*n**2 + n + 2. Let m be i(3). Let l be (24/10)/(m/(-20)). List the prime factors of j(l).
3
Let v(a) = a**3 + 18*a**2 + 13*a + 19. Let b(z) = z**3 + 9*z**2 + z - 8. Let j be b(-9). What are the prime factors of v(j)?
3, 29
Suppose -8*z + 18 = -2*z. Suppose p + 393 = 3*r + 2*r, 3*r - 243 = z*p. What are the prime factors of r?
2, 3, 13
Let g be 32/(-6*(-4)/12). Let y = 7 + g. What are the prime factors of y?
23
Let d = 282 + -116. Let z be (-96)/18*(-2 + -1). List the prime factors of d/8 - 12/z.
2, 5
Suppose -2*p - 2 = -6. Suppose 0 = 2*n - 2*x - 2*x + 4, 3*n + 2*x - p = 0. Suppose n = 5*j + 3*y - 84, -5*j + 155 - 63 = -y. List the prime factors of j.
2, 3
Let a(v) = -59*v - 11. Suppose 5*d - 3 = -13. What are the prime factors of a(d)?
107
Suppose -4*r - 4*i = -40, -2*r + 2*i = -0*r - 12. Suppose 0 = r*s - 2*s + 12. What are the prime factors of (-13)/(-1)*s*-1?
2, 13
Let j(b) be the third derivative of b**5/60 - b**4/12 + 17*b**3/6 + 26*b**2. List the prime factors of j(13).
2, 5
Let c(f) = -f - 1. Let u be c(-4). Suppose 2*b + u*b = -5*s + 100, -4*b - 46 = -2*s. Suppose 5*k - 31 = 3*q + 22, s = 2*k - q. List the prime factors of k.
2, 5
Let k(g) = 10*g**2 + 9*g + 37. What are the prime factors of k(-4)?
7, 23
Let v be -4 - (-8)/12*-408. Let x = v + 459. List the prime factors of x.
3, 61
What are the prime factors of (16332/16)/((-172)/(-32) - 5)?
2, 1361
List the prime factors of 69 + -73 + 68 + (-1)/1.
3, 7
What are the prime factors of (-2370)/(-3) + -9 + (-3 - -7)?
5, 157
Suppose 3*b = -2*a - 47, -28 + 104 = -5*b - a. List the prime factors of -13 - b - 9*-7.
5, 13
Suppose 4 = -4*g + 4*z - 4, 0 = 4*g - z + 2. Suppose m + 2 = g, -1051 = -4*s - 3*m - 341. What are the prime factors of s?
179
Let m = 6206 + -3961. List the prime factors of m.
5, 449
Suppose 30*i = 19*i + 11308. What are the prime factors of i?
2, 257
Suppose -461*k = -459*k - 4176. What are the prime factors of k?
2, 3, 29
Suppose -3*k + 64 - 34 = 0. What are the prime factors of 3 - 5/k*-116?
61
Suppose 0 = 10*f - 6*f - 3*d - 324, 5*f + 4*d - 436 = 0. What are the prime factors of f?
2, 3, 7
Suppose -v + 1 = 3. List the prime factors of v - (-68 + (-3 - 1)).
2, 5, 7
Suppose -3*c - 37 = -0*c - 4*l, l + 2 = 0. List the prime factors of ((8484/30)/7)/((-6)/c).
101
Let p = 13 - 17. What are the prime factors of 1*p/(-4)*148?
2, 37
Suppose -5*p = x + 31, 34 = -x - 0*x - 2*p. Let g = 80 + x. List the prime factors of g.
2, 11
Suppose -7*l = -764 - 4143. What are the prime factors of l?
701
Let b be -4 + 9 + (2 - 4). Suppose b*y + 5*x + 5 = 0, 0 = 3*y - 5*y - 5*x - 5. Suppose 4 = 2*f + 2, y = -5*w + 5*f + 50. List the prime factors of w.
11
Let k(h) = -h**3 - 2*h**2 - 2*h - 2. Let y be k(-3). Suppose 0 = 4*p - 5*p + y. List the prime factors of p.
13
Let s = -9 - -1. Let l(j) be the first derivative of -j**3/3 - 9*j**2/2 + 8*j + 137. What are the prime factors of l(s)?
2
Suppose 18 = 3*j + 3. Suppose -5*u + 3*u - j*h = -15, -4*u = -4*h + 40. Let z(d) = 2*d**2 + 6*d. What are the prime factors of z(u)?
2, 5
Let u = -8 - -14. Suppose i + 28 = c, c - 53 = 2*i - u*i. What are the prime factors of c?
3, 11
Let t be -70 + 2*(2 - 0). Let l = 174 + t. List the prime factors of l.
2, 3
Suppose -5*t - a - 132 = -2047, -2*a = -3*t + 1162. List the prime factors of t.
2, 3
Suppose -34*u + 15176 = -72170. List the prime factors of u.
7, 367
Let p = 868 - 412. List the prime factors of p.
2, 3, 19
Let d = 1826 + -1163. List the prime factors of d.
3, 13, 17
Suppose -6*t + 3*t = 0. Let b(u) = -u**3 + 8*u**2 + 6*u - 1. Let h be b(7). Suppose t*i - 5*i = -h. What are the prime factors of i?
2, 3
Let o(q) = -2*q - 11. Let r be o(-7). Let f(b) = -2*b**2 + 5*b - 3. Let k be f(r). What are the prime factors of (4/k)/(6/(-45))?
5
Let v(n) = -n**2 - 7*n - 13. Let i be v(-10). Let g = 9 - i. List the prime factors of g.
2, 13
Let z be 1/(93/(-48) + 2). Suppose -17*f + 55 = -z*f. What are the prime factors of f?
5, 11
What are the prime factors of (-3*4/10)/((-168)/110460)?
3, 263
Suppose 0 = -3*z - 0*z + z. Suppose z = 3*d - 5*c - 449, -3*c + 312 = 2*d - 0*c. What are the prime factors of d?
3, 17
Suppose -144 = 13*v - 17*v. Let u = -33 + v. What are the prime factors of (3/1 - u) + 64?
2
List the prime factors of -3*(682/(-3))/11.
2, 31
Let s = 57 + -56. What are the prime factors of (-5 + 20)/(s + (-20)/22)?
3, 5, 11
List the prime factors of (-2)/1 + 1/(2/1816).
2, 3, 151
Let g = -131 + 56. Let b = g + 106. List the prime factors of b.
31
Suppose -22*r = 10*r - 44576. List the prime factors of r.
7, 199
Suppose 0 = 5*s + 2*n + 331, -95 = 2*s - 2*n + 29. Let w = 102 + s. List the prime factors of w.
37
Let y(l) = -2*l**3 - 30*l**2 - 48*l + 24. What are the prime factors of y(-17)?
2, 499
What are the prime factors of 3021/(-106)*(1 - 94/6)?
2, 11, 19
Let l(w) = -2*w**3 - 5*w**2 + 5*w + 10. Let h be l(-4). Let c = h + 11. List the prime factors of c.
7
Let h be 39/(-12) + 2/8. What are the prime factors of (5/h + -3)*-12?
2, 7
Suppose -4*r + 3*k = -1844, -1273 = -5*r - 3*k + 1059. What are the prime factors of r?
2, 29
List the prime factors of 20/60 + (-743)/(-3).
2, 31
Let l = 677 - -1861. List the prime factors of l.
2, 3, 47
Suppose 5*t = o - 7 - 38, 0 = 4*t + 2*o + 22. Let k = t - 11. List the prime factors of (-1)/2 - k/2.
3
Let x be 1/(-4) + 63/28. Suppose -4*i = x*v - 12 - 44, -4*i - 4 = 0. Let l = v - 5. What are the prime factors of l?
5
Let u(z) be the second derivative of z**5/30 - 7*z**4/24 + z**3/3 + 8*z. Let q(v) be the second derivative of u(v). List the prime factors of q(4).
3
Let b(w) be the third derivative of -7*w**4/12 - 7*w**3/6 + 14*w**2. What are the prime factors of b(-6)?
7, 11
Suppose 36120 = -4*c + 24*c. What are the prime factors of c?
2, 3, 7, 43
Suppose -53*c + 83898 = -2492. List the prime factors of c.
2, 5, 163
List the prime factors of (2/(-4) + 1)/(127/183896).
2, 181
Let a(h) = -h**2 + 2*h + 6. Let n be 287/91 + (-2)/13. Let m be a(n). Suppose -6*q + m*q + 42 = 0. What are the prime factors of q?
2, 7
Let p be (65/(-3))/(3/9) - 0. Let o = p - -80. What are the prime factors of o?
3, 5
Let m(b) = -b**2 + 18*b - 4. Let o be m(11). Suppose -5*w + 100 = -d, -3*w + o = d + d. What are the prime factors of w?
3, 7
Let d(n) = -4*n + 3. Let y(i) = -1. Let v be ((-21)/(-14))/(3/4). Let s(a) = v*d(a) + 4*y(a). What are the prime factors of s(-4)?
2, 17
Let z be (-10 - -253) + (-7 - -2). Let a = 390 - z. List the prime factors of a.
2, 19
Let f(l) = 2*l**3 - 5*l**2 - 12*l - 31. What are the prime factors of f(7)?
2, 163
Let b(n) be the second derivative of n**5/20 - 5*n**4/12 + n**3 - 17*n**2/2 - 22*n. What are the prime factors of b(7)?
3, 41
List the prime factors of 823 - 29 - 5*-1.
17, 47
Let v = 88 - -7. Suppose 3*q - v = 7. What are the prime factors of q?
2, 17
Let z(u) = -2*u**2 - 2 + 5*u - 4 + u**3 - 2*u**2. Let v(y) = -2*y - 27. Let h be v(-16). List the prime factors of z(h).
2, 11
Suppose -5*a + 2197 = 2*m, 4*m + a - 3181 = 1240. List the prime factors of m.
2, 7, 79
Suppo